 2*y + 5. Calculate v(4).
13
Let i(q) = 22*q - 21. Give i(0).
-21
Let b(c) = 3*c - 3. What is b(3)?
6
Let j(m) = -m**2 + 13*m + 6. What is j(13)?
6
Let j(r) = 4*r - 82. Give j(21).
2
Let c(i) = 10*i - 12. Calculate c(1).
-2
Let r(a) = 12*a. What is r(3)?
36
Let f(o) = -o + 7. What is f(15)?
-8
Let p(o) = o**2 - 13*o + 22. What is p(9)?
-14
Let m(n) = 3*n**2 - 3*n + 6. Give m(2).
12
Let v(l) = l**2 - 5*l - 1. What is v(3)?
-7
Let d(o) = 2*o**3 - 2*o**2 - 3*o + 3. Give d(2).
5
Let q(y) = y**3 + 6*y**2 - 2*y - 6. Determine q(-6).
6
Let x(a) = -a + 2. Determine x(-4).
6
Let h(m) = -m**3 + 2*m**2 + 2*m - 3. What is h(2)?
1
Let y(v) = v**3 + 24*v**2 + 21*v - 42. Give y(-23).
4
Let o(z) = z**2 + 11*z + 17. Determine o(-6).
-13
Let g(d) = 15*d - 39. Determine g(3).
6
Let m(c) = -c**2 - 5*c - 6. What is m(-5)?
-6
Let b(p) = p**2 + 11*p + 2. Determine b(-11).
2
Let j(h) = 3*h**2 + 2*h + 3. Give j(-2).
11
Let r(l) = 17*l + 21. What is r(2)?
55
Let t(u) = -49*u - 12. Determine t(-1).
37
Let n(y) = -y. Give n(11).
-11
Let t(a) = a**3 + 8*a**2 + 9*a - 5. Give t(-6).
13
Let g(w) = 4*w - 15. What is g(5)?
5
Let v(k) = -k + 7. Determine v(0).
7
Let q(r) = -26*r + 12. Determine q(-2).
64
Let y(i) = i**2 + 26*i + 54. Give y(-24).
6
Let p(b) = -b**3 - 6*b**2 - 10*b + 4. Give p(-3).
7
Let k(x) = 5*x + 86. Give k(-17).
1
Let f(y) = 10*y**3. What is f(-1)?
-10
Let i(l) = -9*l - 53. Give i(-6).
1
Let f(s) = s**3 + 17*s**2 + 7*s + 34. Determine f(-17).
-85
Let c(u) = u**2 - 5*u + 1. Calculate c(2).
-5
Let n(t) = 29*t - 266. Determine n(9).
-5
Let w(i) = i**3 - 8*i**2 + 3*i + 34. What is w(7)?
6
Let f(d) = -10*d - 81. Calculate f(-8).
-1
Let q(a) = -a**3 + 13*a**2 + 2*a - 24. Give q(13).
2
Let n(v) = -2*v**2 - 22*v - 29. What is n(-9)?
7
Let d(u) = -u**3 + 8*u**2 + 7*u + 11. Calculate d(9).
-7
Let g(l) = 16*l + 26. Give g(7).
138
Let c(t) = 5*t - 14. What is c(4)?
6
Let c(o) = -o + 1. What is c(-8)?
9
Let i(o) = 16*o - 17. Calculate i(4).
47
Let g(x) = 2*x - 2. What is g(-7)?
-16
Let u(p) = p**2 - 7*p + 1. Determine u(7).
1
Let a(r) = r**2 + 21*r - 12. Calculate a(-19).
-50
Let i(f) = -f**3 + 14*f**2 + 16*f - 16. Determine i(15).
-1
Let y(t) = 21*t + 136. Give y(-7).
-11
Let k(n) = n**2 + 5*n - 37. Calculate k(4).
-1
Let u(d) = d**3 + 5*d**2 - 12*d - 4. Give u(2).
0
Let a(i) = 2*i**2 - 3*i - 23. What is a(6)?
31
Let z(c) = -2*c + 2. Calculate z(-1).
4
Let j(x) = -x**2 + 11*x + 12. What is j(-2)?
-14
Let v(b) = 2*b**3 + 29*b**2 + 17*b + 34. Determine v(-14).
-8
Let z(i) = i**3 - 12*i**2 + 13*i - 14. Give z(11).
8
Let w(g) = -4*g + 160. Calculate w(26).
56
Let f(y) = y**3 + 2*y**2 - 7*y - 8. Calculate f(-3).
4
Let j(r) = 3*r + 9. Determine j(-4).
-3
Let d(x) = 7*x**2 + 15*x - 2. Give d(-3).
16
Let g(a) = -43*a - 299. Give g(-7).
2
Let x(h) = -2*h**2 - h - 5. Calculate x(-5).
-50
Let x(d) = 2*d**3 - 10*d**2 + d + 3. Give x(4).
-25
Let y(s) = s**2 + 16*s + 28. What is y(-7)?
-35
Let m(n) = n - 16. Give m(-10).
-26
Let p(w) = 8*w - 66. Calculate p(10).
14
Let c(a) = -a**2 - 8*a - 26. Give c(-10).
-46
Let s(n) = n**2 + 10*n + 6. Determine s(-11).
17
Let j(w) = -2*w**2 - w + 34. Give j(0).
34
Let s(a) = a**2 - 3*a + 7. Determine s(-8).
95
Let x(m) = m + 10. Give x(-7).
3
Let c(l) = l**2 - 1. Determine c(2).
3
Let f(c) = -3*c**3 - c + 1. What is f(2)?
-25
Let o(v) = -4*v**2 - 21*v - 5. What is o(-6)?
-23
Let l(v) = -36*v - 226. Calculate l(-6).
-10
Let w(s) = s**3 + 11*s**2 - 3*s - 29. What is w(-11)?
4
Let o(i) = -i**3 - 8*i**2 + 2*i - 9. Determine o(-8).
-25
Let o(y) = 3*y**3 - 16*y**2 + 7. Calculate o(5).
-18
Let h(b) = b**3 + 5*b**2 - 2*b - 21. What is h(-4)?
3
Let a(b) = b**3 + 31*b**2 + 29*b - 47. Determine a(-30).
-17
Let j(h) = 31*h - 54. Determine j(5).
101
Let q(b) = -8*b - 32. Calculate q(-3).
-8
Let z(c) = c**3 - 7*c**2 - 2*c + 12. Give z(6).
-36
Let v(x) = 37*x - 2. Give v(-1).
-39
Let q(t) = t**2 - 13*t + 23. Give q(11).
1
Let a(j) = 21*j**2 + 1. Give a(1).
22
Let b(j) = -2*j**3 - 13*j**2 - 6*j - 12. Calculate b(-5).
-57
Let b(w) = -w + 33. Give b(0).
33
Let p(j) = -j**3 - 15*j**2 + 32*j - 41. Calculate p(-17).
-7
Let t(a) = a**3 + 15*a**2 + a - 7. Calculate t(-15).
-22
Let x(z) = -z**2 - 6*z + 5. What is x(-4)?
13
Let t(k) = k**2 - 5*k + 7. What is t(7)?
21
Let x(u) = -u**2 + 20. Calculate x(4).
4
Let i(o) = -4*o + 30. Determine i(8).
-2
Let q(z) = -z**3 + 14*z**2 - 23*z - 15. Give q(12).
-3
Let y(f) = -f + 22. Give y(9).
13
Let h(b) = -b**3 - 14*b**2 - 27*b - 31. Calculate h(-12).
5
Let g(p) = p**3 - 3*p**2 - p + 1. What is g(2)?
-5
Let o(h) = h**3 - 17*h**2 + h + 5. Calculate o(17).
22
Let y(a) = -a**3 - 8*a**2 + a + 9. Calculate y(-8).
1
Let b(x) = 2*x + 2. Determine b(-4).
-6
Let p(i) = i + 9. Determine p(4).
13
Let r(y) = 2*y**3 - 41*y**2 + 163*y + 35. What is r(15)?
5
Let i(z) = z**3 - 33*z**2 + 4*z - 134. What is i(33)?
-2
Let h(z) = -z**3 + 5*z**2 - z - 10. What is h(4)?
2
Let b(j) = 9*j**2 + 5*j + 3. Determine b(-3).
69
Let v(c) = -2*c**3 - 3*c**2 + 4. Give v(-3).
31
Let p(o) = -o**3 - 2*o**2 - 2*o - 6. Calculate p(0).
-6
Let h(d) = d**3 + 6*d**2 + 4*d - 4. What is h(-4)?
12
Let s(u) = 7*u + 2. Give s(-1).
-5
Let s(r) = -5*r - 29. Give s(-7).
6
Let j(x) = 2*x**2 + 10*x + 1. What is j(-8)?
49
Let n(s) = 3*s**3 - 2*s**2 + s. What is n(1)?
2
Let y(v) = v**3 - 9*v**2 - 10*v + 6. Give y(10).
6
Let r(s) = 18*s**3 + 4*s + 4. Calculate r(-1).
-18
Let w(y) = y**3 - 5*y**2 - 4*y + 19. What is w(4)?
-13
Let f(g) = -g**3 + 2*g**2 - 16. What is f(0)?
-16
Let y(x) = 2*x**2 + 3*x - 2. What is y(3)?
25
Let y(d) = 3*d**2 + d + 3. What is y(3)?
33
Let c(s) = -16*s**2 + 4*s. Determine c(1).
-12
Let z(x) = x**3 + 32*x**2 + 31*x - 50. What is z(-31)?
-50
Let x(d) = 2*d + 5. What is x(-3)?
-1
Let d(w) = -w**2 - 23*w - 27. What is d(-22)?
-5
Let i(n) = -85*n**2 + 7*n + 5. Determine i(-1).
-87
Let q(f) = -2*f - 7. Calculate q(-5).
3
Let s(x) = -x**3 - 27*x**2 + 28*x + 19. What is s(-28)?
19
Let c(y) = -12*y + 205. Give c(17).
1
Let b(f) = 7*f + 8. Calculate b(8).
64
Let g(v) = -2*v**2 + 2. Calculate g(-2).
-6
Let i(l) = -6*l + 93. Give i(16).
-3
Let y(f) = -4*f + 24. Calculate y(4).
8
Let k(s) = 46*s. What is k(1)?
46
Let x(g) = g**2 - 3*g. Give x(2).
-2
Let k(w) = w**2 - 8*w + 17. Determine k(6).
5
Let p(r) = r + 28. Give p(23).
51
Let m(j) = -j**2 - 5*j + 18. Calculate m(-7).
4
Let h(o) = 5*o - 11. Give h(6).
19
Let c(x) = x**3 + 15*x**2 + 7. Determine c(-15).
7
Let y(n) = -n**3 + 24*n**2 + 23*n - 65. Give y(25).
-115
Let g(n) = -n**3 - n**2 + n + 4. Calculate g(0).
4
Let k(r) = r**3 - 6*r**2 + r + 7. Determine k(4).
-21
Let n(q) = q + 16. Calculate n(-12).
4
Let f(a) = -a**2 + 7*a - 10. Calculate f(5).
0
Let g(z) = -4*z - 151. Give g(-34).
-15
Let l(f) = -f**3 + 43*f**2 - 6. Calculate l(43).
-6
Let u(q) = -q**2 - 8*q + 4. Calculate u(-7).
11
Let v(q) = -q**3 - 2*q**2 + 2*q - 3. What is v(0)?
-3
Let k(v) = -v - 39. What is k(-30)?
-9
Let u(s) = -s - 14. Give u(-12).
-2
Let c(d) = -3*d**2 - d - 1. Calculate c(0).
-1
Let o(n) = -n**3 + 13*n**2 + 4. Give o(13).
4
Let t(q) = -5*q**2 - 47*q - 1. Give t(-9).
17
Let z(l) = l**3 + 12*l**2 + 9*l + 9. What is z(-11)?
31
Let x(m) = 18*m + 9. Determine x(9).
171
Let u(z) = 4*z**2 + 35*z + 8. Calculate u(-11).
107
Let o(w) = w + 16. What is o(6)?
22
Let c(s) = -s**2 - 4*s + 9. Give c(0).
9
Let s(f) = -f**3 - 21*f**2 - 37*f + 13. Determine s(-19).
-6
Let r(q) = -8*q + 29. Calculate r(-6).
77
Let j(v) = 3*v**2 - 17*v - 1. Calculate j(8).
55
Let m(k) = -19*k + 47. Give m(4).
-29
Let s(w) = w**3 + 20*w**2 + 18*w + 7. Calculate s(-19).
26
Let d(r) = r**3 + 8*r**2 + 4*r - 12. Give d(-6).
36
Let w(s) = -65*s + 510. Determine w(8).
-10
Let c(r) = -4*r - 141. Give c(0).
-141
Let b(p) = -4*p - 32. Calculate b(-5).
-12
Let b(m) = m**3 + 4*m**2 - 4*m - 9. Calculate b(-4).
7
Let d(b) = 2*b**3 + 14*b**2 - 3*b - 19. Give d(-7).
2
Let p(z) = z**3 + 8*z**2 + 4*z - 10. Give p(-7).
11
Let m(y) = -y**3 + 6*y**2 - y - 2. What is m(6)?
-8
Let c(b) = -3*b + 2. Calculate c(-7).
23
Let j(m) = -m**3 + 6*m**2 + 4*m - 8. Calculate j(7).
-29
Let p(h) = -8*h - 233. Give p(-19).
-81
Let x(c) = -c**3 + c**2 + 3*c + 1. What is x(-2)?
7
Let n(d) = 3*d + 10. What is n(-4)?
-2
Let z(n) = -11*n + 112. Calculate z(10).
2
Let v(f) = -76*f**2 + f - 1. Determine v(1).
-76
